954. What is the greatest common factor of s and 65?
13
Suppose k - 355 = -2*c - 358, -7*k + 3*c = -13. What is the greatest common factor of 6388 and k?
1
Let d(i) = i**3 + 5*i**2 + 6*i + 12. Let s be d(-4). Suppose -2*x = 4*o - 100, o = s*x - 211 + 29. What is the greatest common divisor of 230 and x?
46
Let r(l) = -l + 5. Let o(c) = c**3 - 17*c**2 - 15. Let q be o(17). Let b be -11 + q/5 + -1. Let j be r(b). What is the greatest common factor of j and 30?
10
Let d be 3/((-1225)/205 - -6). Let q = -1 - -3. Suppose -6*g + q*g - h + d = 0, g = 5*h + 15. Calculate the highest common factor of g and 6.
6
Suppose -4*b + 4*p = -8, -3*b - p + 7 = -b. Suppose -5 = -b*j + 22. Suppose g - j + 0 = 0. What is the highest common divisor of 81 and g?
9
Suppose 0*r + 245 = 5*r + 3*u, 3*r - 118 = 4*u. Let q(s) = 20*s**2 + s - 9. Let k be q(-2). What is the greatest common factor of k and r?
23
Suppose 3*a - 1386 = 3*z, 2*a + 3*z - 708 - 186 = 0. Calculate the highest common factor of a and 1976.
152
Let g be 10/240*56*24. Calculate the greatest common factor of g and 4942.
14
Let r be (-1 - -4)*55/33*138. Calculate the greatest common factor of r and 15.
15
Suppose 4*g - 4*n = 156, -28*g + 166 = -24*g + n. What is the greatest common divisor of 8938 and g?
41
Suppose 1178 = 142*g - 5070. What is the greatest common divisor of g and 1507?
11
Suppose r - 8 = i - 9, 5*r = -4*i + 31. What is the greatest common divisor of i and 338?
2
Let z(j) = -78*j - 665. Let y be z(-9). Let w = -444 - -962. Calculate the greatest common factor of y and w.
37
Let y be 8 - (0 + (4 - 7)). Let w = -129 + 132. Suppose 375 = 2*k - o, -940 = -w*k - 2*k + 5*o. Calculate the highest common factor of y and k.
11
Let s(a) = 7*a**2 - 208*a - 26. Let v be s(-12). What is the highest common factor of v and 94?
94
Let l(s) = 146*s**2 + 398*s - 5. Let f be l(-3). What is the greatest common factor of 1255 and f?
5
Let b be ((-7)/3 - 774/(-86))*36. What is the greatest common divisor of 3200 and b?
80
Let d be 4/3 - 873184/(-312). What is the greatest common factor of 140 and d?
140
Let i = -297 + 3802. Let c = i + -2036. What is the highest common divisor of c and 13?
13
Suppose 2*v + h = 16 + 7, 3*v + 4*h = 42. Suppose -u + v = -0*u. Let c(f) = 23*f - 35. Let n be c(5). What is the greatest common factor of n and u?
10
Suppose 58*t - 12 = 52*t. Let z = 23 + -7. What is the greatest common divisor of t and z?
2
Suppose 4*o - 255 = 3*q, -12 = -q - 9. Suppose -2*u + 624 + 36 = 0. Calculate the greatest common factor of o and u.
66
Suppose -108 + 33 = -a. Suppose 3*u - 5*k = -a, 0 = u - 2*k - 3*k + 35. Let s be 180/(-8)*u/3. What is the greatest common factor of 30 and s?
30
Suppose 5*l + 13 = 3*l + r, 0 = l - r + 7. Let y(g) = -6*g. Let u be y(l). What is the highest common divisor of 648 and u?
36
Let k = -31 + 51. Suppose -k*r + 228 + 1092 = 0. What is the highest common divisor of r and 110?
22
Let y be (14/(-4) + 3)/(2/(-60)). Suppose -y*t + 87 = -12*t. Calculate the highest common divisor of 1 and t.
1
Let l(j) = -3*j**3 + 22*j**2 + 18*j + 8. Let y be l(-6). Suppose 4*c - 2*c - 1304 = 4*k, -5*k = 2*c - y. Calculate the highest common divisor of 44 and c.
44
Let j(y) = 84*y**2 + 30*y - 41. Let i be j(8). What is the greatest common factor of i and 223?
223
Let k(q) = -239*q + 1197. Let a be k(5). Suppose 5 = x + 1, 3*d - 278 = x. What is the greatest common divisor of a and d?
2
Suppose 3*z - 3 = -n, -5*z - 3 = n - 8. Suppose n = 6*u - 188 + 92. Calculate the highest common factor of 8 and u.
8
Let p be (-21924)/(-81) - 36/(-27). What is the highest common divisor of p and 448?
16
Let x(a) = -3*a**2 + a - 12. Let c be x(0). Let q be ((-20)/c)/((-10)/(-90)). Calculate the highest common factor of q and 195.
15
Let h = 61 - 11. Suppose h = 7*y - 342. Suppose d = 105 + y. What is the greatest common factor of d and 23?
23
Let q = -98 + 90. Let n be (-6)/q + 21/(-28). Let p be (-1 - (n - 0))*(2 + -3). Calculate the highest common divisor of p and 7.
1
Let u(i) = -3*i**2 - 33*i - 26. Suppose 5*c + 42 = 4*h, -c + 18 = 4*h + 36. Let l be u(c). What is the greatest common divisor of 4 and l?
4
Suppose -8 = -4*w + 8. Suppose -w*u + 5*b + 24 = 0, -2*b + 13 = u - 6. Calculate the highest common divisor of u and 539.
11
Let u = -242 - -223. Let b be (-2)/u + (-8496)/(-152) + 2. What is the highest common divisor of 2 and b?
2
Let k(t) = t**3 + 9*t**2 - 6*t + 1. Let w be k(6). Let o = 565 - w. What is the highest common factor of o and 160?
20
Suppose 0 = -3*w + o - 811 - 687, 5*w - o + 2496 = 0. Let q = w - -751. Calculate the greatest common divisor of 56 and q.
28
Suppose -374*v - 5*t = -376*v + 480, -4*v = -3*t - 946. Calculate the highest common divisor of 94 and v.
47
Suppose -15 = -v - 2*s + 14, 0 = 3*s - 18. What is the greatest common factor of 1411 and v?
17
Let t = -14 - -54. Suppose 2*i = -5*h + 25, -10 = -3*h - 2*i + 5. Suppose -10 + 90 = h*n. What is the highest common divisor of n and t?
8
Let h = -163 + 184. Let f(j) = j**2 - 4*j - 15. Let z be f(h). Calculate the greatest common factor of z and 38.
38
Suppose 0 = 2*p + 3*p - 210. Let q(d) = -d**2 - 16*d - 11. Let m = 47 + -60. Let c be q(m). What is the greatest common factor of c and p?
14
Let j(p) = -p**3 + 8*p**2 + 9*p - 9. Let l be j(-3). What is the greatest common divisor of 306 and l?
9
Let p = -727 + 749. Calculate the greatest common divisor of p and 3278.
22
Let q = 562 + -184. Let n = -218 + q. What is the greatest common factor of n and 30?
10
Let h = -80 + 80. Suppose -2*q - 89 + 25 = h. Let g = 45 + q. What is the greatest common divisor of g and 52?
13
Let c(a) = 5*a + 22. Let u be c(-4). Let z(r) = 7*r - r**u + 0*r - 13 + 9*r + 3. Let d be z(14). Calculate the greatest common factor of d and 2.
2
Let p(i) = -17*i + 1016. Let a be p(53). Calculate the greatest common divisor of a and 1173.
23
Let n = -3707 - -6091. Calculate the greatest common factor of 16 and n.
16
Let l be (-4)/(3/((-105)/28)). Let q(k) = k + 2. Let g be q(-2). Suppose 28 = l*i + 2*v + 10, g = 5*i - 3*v + 2. What is the greatest common divisor of 6 and i?
2
Let c = -3866 - -4926. What is the greatest common factor of 50 and c?
10
Let q be (-24)/(-10)*(249/9 - (128 + -122)). Calculate the highest common divisor of q and 7176.
52
Suppose 17*v = 26*v - 990. Suppose -36*q + 2*j - v = -39*q, -70 = -2*q + 2*j. Calculate the greatest common divisor of q and 576.
36
Let r be ((-64)/320)/(1/(-65)). Let m be 2/(-3) + (-11)/(-3). Suppose r = 4*a + d - 22, -a = m*d - 17. Calculate the greatest common divisor of 8 and a.
8
Suppose -27 = -o - 3*a + 7, -5*o + 2*a = -102. Suppose -13*s + o*s - 153 = 0. What is the greatest common divisor of 51 and s?
17
Let r = -22 - -23. Let n = 37 + r. Suppose 15 = 2*q - 61. What is the greatest common factor of n and q?
38
Let y(v) = -4*v**3 + 150*v**2 + 240*v + 72. Let r be y(39). Calculate the highest common divisor of 111 and r.
3
Let u(p) = 2*p**3 + 18*p**2 - 10*p + 10. Let n be u(-8). Let w = n - 99. Calculate the highest common divisor of w and 17.
17
Let v = 2054 - 2034. Calculate the highest common divisor of v and 100.
20
Let b(m) = -12*m**2 + 6*m + 5. Let h be b(5). Let c = -241 - h. Calculate the highest common factor of c and 8.
8
Let g = -314 - -409. Suppose -7*m + 50*m = 817. Calculate the highest common divisor of m and g.
19
Let w(q) = 13*q**2 - 207*q + 1450. Let a be w(7). What is the greatest common divisor of 2 and a?
2
Let i(g) = g**3 + 10*g**2 + 17*g + 235. Let h be i(-10). Calculate the highest common factor of h and 624.
13
Let f(t) = t**2 + 23*t + 59. Let l be f(-5). Let u be 1/((-1)/(-4))*(l + 38). Calculate the greatest common divisor of u and 8.
4
Suppose 51*g + 5504 = 137*g. Suppose 3*y + 3*q = 2*q + 10, -5*q - 26 = -4*y. Calculate the highest common factor of g and y.
4
Let g = -30306 + 30344. Let n = 1 - -37. What is the greatest common divisor of g and n?
38
Suppose g - 25*c = -20*c + 11, 2*g - c = 49. Calculate the highest common factor of 16 and g.
2
Suppose 8*v + 180 = 166 + 222. What is the greatest common factor of 4667 and v?
13
Let q be 1 - (0 - -3) - -322. Let u be (-140)/(-8) - 225/(-90). Calculate the highest common divisor of u and q.
20
Let q(a) = 2*a**2 - 14*a. Let w be q(7). Supp